 the units digit of 1304?
4
What is the units digit of 19067?
7
What is the units digit of 130?
0
What is the tens digit of 2782?
8
What is the units digit of 94174?
4
What is the units digit of 23329?
9
What is the thousands digit of 73544?
3
What is the units digit of 1439?
9
What is the units digit of 61351?
1
What is the thousands digit of 1052?
1
What is the units digit of 1070?
0
What is the tens digit of 922?
2
What is the units digit of 4868?
8
What is the hundreds digit of 8360?
3
What is the thousands digit of 99495?
9
What is the ten thousands digit of 33997?
3
What is the hundreds digit of 7905?
9
What is the units digit of 1127?
7
What is the hundreds digit of 935?
9
What is the units digit of 6?
6
What is the thousands digit of 3204?
3
What is the tens digit of 773?
7
What is the hundreds digit of 704?
7
What is the tens digit of 252?
5
What is the units digit of 11704?
4
What is the tens digit of 2204?
0
What is the thousands digit of 75895?
5
What is the hundreds digit of 131962?
9
What is the ten thousands digit of 65519?
6
What is the hundreds digit of 2899?
8
What is the units digit of 42325?
5
What is the thousands digit of 1114?
1
What is the ten thousands digit of 52555?
5
What is the units digit of 607?
7
What is the units digit of 755?
5
What is the tens digit of 920?
2
What is the hundreds digit of 24099?
0
What is the tens digit of 7556?
5
What is the tens digit of 4239?
3
What is the units digit of 27044?
4
What is the thousands digit of 8671?
8
What is the hundreds digit of 1251?
2
What is the hundreds digit of 117786?
7
What is the hundreds digit of 4262?
2
What is the units digit of 17356?
6
What is the hundreds digit of 26751?
7
What is the thousands digit of 10226?
0
What is the thousands digit of 13069?
3
What is the hundreds digit of 2983?
9
What is the units digit of 13225?
5
What is the hundreds digit of 271?
2
What is the ten thousands digit of 62846?
6
What is the hundreds digit of 7367?
3
What is the tens digit of 792?
9
What is the tens digit of 1979?
7
What is the thousands digit of 10556?
0
What is the units digit of 44585?
5
What is the units digit of 358?
8
What is the hundreds digit of 175?
1
What is the tens digit of 1761?
6
What is the thousands digit of 36948?
6
What is the hundreds digit of 1376?
3
What is the tens digit of 19217?
1
What is the tens digit of 25427?
2
What is the thousands digit of 14994?
4
What is the ten thousands digit of 68570?
6
What is the units digit of 38615?
5
What is the thousands digit of 9016?
9
What is the units digit of 484?
4
What is the tens digit of 2902?
0
What is the hundreds digit of 4390?
3
What is the tens digit of 2285?
8
What is the tens digit of 25204?
0
What is the tens digit of 100126?
2
What is the tens digit of 381?
8
What is the tens digit of 16926?
2
What is the thousands digit of 38459?
8
What is the thousands digit of 25969?
5
What is the thousands digit of 18820?
8
What is the tens digit of 15779?
7
What is the tens digit of 173671?
7
What is the hundreds digit of 62708?
7
What is the hundreds digit of 1294?
2
What is the tens digit of 41490?
9
What is the units digit of 752?
2
What is the tens digit of 4643?
4
What is the hundreds digit of 3301?
3
What is the units digit of 14548?
8
What is the ten thousands digit of 92119?
9
What is the tens digit of 2590?
9
What is the thousands digit of 1740?
1
What is the hundreds digit of 49759?
7
What is the tens digit of 13171?
7
What is the tens digit of 20149?
4
What is the thousands digit of 3539?
3
What is the units digit of 6261?
1
What is the hundreds digit of 74874?
8
What is the tens digit of 24607?
0
What is the hundred thousands digit of 106492?
1
What is the hundreds digit of 738?
7
What is the tens digit of 13797?
9
What is the units digit of 45827?
7
What is the thousands digit of 78958?
8
What is the thousands digit of 9896?
9
What is the hundreds digit of 29965?
9
What is the tens digit of 858?
5
What is the thousands digit of 1584?
1
What is the ten thousands digit of 66872?
6
What is the thousands digit of 6317?
6
What is the tens digit of 54343?
4
What is the tens digit of 3398?
9
What is the units digit of 88?
8
What is the hundreds digit of 58102?
1
What is the tens digit of 33544?
4
What is the units digit of 627?
7
What is the units digit of 50289?
9
What is the tens digit of 123669?
6
What is the tens digit of 12370?
7
What is the hundreds digit of 6145?
1
What is the units digit of 12003?
3
What is the units digit of 60?
0
What is the hundreds digit of 1649?
6
What is the hundreds digit of 2485?
4
What is the tens digit of 5245?
4
What is the tens digit of 121829?
2
What is the tens digit of 7677?
7
What is the tens digit of 2558?
5
What is the thousands digit of 2306?
2
What is the units digit of 1195?
5
What is the units digit of 3997?
7
What is the tens digit of 780?
8
What is the tens digit of 667?
6
What is the tens digit of 1584?
8
What is the units digit of 4058?
8
What is the hundreds digit of 1063?
0
What is the hundreds digit of 692?
6
What is the tens digit of 5640?
4
What is the thousands digit of 4361?
4
What is the tens digit of 157?
5
What is the thousands digit of 1945?
1
What is the thousands digit of 1126?
1
What is the ten thousands digit of 44715?
4
What is the units digit of 5290?
0
What is the thousands digit of 21235?
1
What is the thousands digit of 49843?
9
What is the thousands digit of 30414?
0
What is the hundreds digit of 16130?
1
What is the units digit of 4902?
2
What is the tens digit of 18454?
5
What is the hundreds digit of 9379?
3
What is the thousands digit of 1535?
1
What is the tens digit of 522?
2
What is the hundreds digit of 10775?
7
What is the hundreds digit of 1067?
0
What is the hundreds digit of 2963?
9
What is the tens digit of 138398?
9
What is the tens digit of 10022?
2
What is the units digit of 481?
1
What is the hundreds digit of 2618?
6
What is the tens digit of 5743?
4
What is the tens digit of 1193?
9
What is the tens digit of 4933?
3
What is the tens digit of 835?
3
What is the units digit of 7008?
8
What is the ten thousands digit of 66523?
6
What is the hundred thousands digit of 107554?
1
What is the thousands digit of 1288?
1
What is the ten thousands digit of 45394?
4
What is the units digit of 49223?
3
What is the thousands digit of 7828?
7
What is the units digit of 994?
4
What is the tens digit of 377?
7
What is the tens digit of 1156?
5
What is the tens digit of 91?
9
What is the units digit of 3399?
9
What is the hundreds digit of 35954?
9
What is the hundreds digit of 1605?
6
What is the ten thousands digit of 19584?
1
What is the hundreds digit of 313?
3
What is the ten thousands digit of 17128?
1
What is the hundreds digit of 65270?
2
What is the tens digit of 124?
2
What is the units digit of 355?
5
What is the units digit of 19747?
7
What is the hundreds digit of 879?
8
What is the units digit of 1073?
3
What is the units digit of 671?
1
What is the thousands digit of 20548?
0
What is the hundreds digit of 55890?
8
What is the hundreds digit of 1103?
1
What is the hundreds digit of 4839?
8
What is the tens digit of 2403?
0
What is the thousands digit of 1646?
1
What is the hundreds digit of 967?
9
What is the tens digit of 52761?
6
What is the tens digit of 1139?
3
What is the tens digit of 463?
6
What is the thousands digit of 6302?
6
What is the hundreds digit of 15996?
9
What is the ten thousands digit of 21533?
2
What is the ten thousands digit of 41267?
4
What is the hundreds digit of 1370?
3
What is the hundreds digit of 2257?
2
What is the ten thousands digit of 130877?
3
What is the units digit of 3046?
6
What is the tens digit of 6679?
7
What is the hundreds digit of 774?
7
What is the thousands digit of 1841?
1
What is the tens digit of 13505?
0
What is the units digit of 13271?
1
What is the units digit of 29439?
9
What is the tens digit of 888?
8
What is the hundreds digit of 4926?
9
What is the hundreds digit of 9938?
9
What is the hundreds digit of 279?
2
What is the hundreds digit of 48906?
9
What is the hundreds digit of 582?
5
What is the hundreds digit of 6681?
6
What is the ten thousands digit of 33311?
3
What is the thousands digit of 20214?
0
What is the hundreds digit of 6704?
7
What i